*3/6 + a**2/2 + 7*a. Calculate h(4).
13
Suppose -5*q = n - 6 + 42, -3*q = 2*n + 16. Let z(x) = -x**2 - 9*x - 11. Calculate z(q).
-3
Let f(s) = -4*s**3 + 2*s**2 + s - 6. Let b(u) = -7*u**3 + 3*u**2 + 2*u - 12. Let n(g) = 3*b(g) - 5*f(g). Give n(0).
-6
Let m(x) = -3*x - 2 + 0*x + 4*x. Let p = 4 - 2. Suppose 4*k = -4*b, -2*b + 2 = -p*k - 2. What is m(b)?
-1
Let h(i) = -i**2 - 10*i - 6. Suppose -7 = 3*o + 5*f, 5*f = -3*o + 4*o + 29. Give h(o).
3
Suppose -5 - 1 = -2*l. Let v(c) = c**2 - c - 1. Determine v(l).
5
Let l(s) = -s**2 + 8*s - 3. Let b = 0 - -7. Let p be l(b). Let j(i) = -i**3 + 4*i**2 - i + 3. What is j(p)?
-1
Let q(o) = 5 - o**2 - 1 - o**3 - 4 + 2. Let j be q(0). Let r(k) = -j - 2 + 0 + 5 - k. Determine r(2).
-1
Let y(d) be the first derivative of d**2/2 + 3*d - 74. Determine y(6).
9
Let w(m) = -m + 11. Let x be w(3). Let z(g) = g**2 - 7*g - 10. Calculate z(x).
-2
Let z = 2 + 1. Let t = z + -3. Suppose -4*x + 0*x - 12 = t. Let c(b) = b**3 + 4*b**2 + 2*b + 2. Calculate c(x).
5
Let p(u) = u + 7. Let f be (-528)/(-80) + 6/(-10). Let k(q) be the first derivative of -q**2 + 7*q - 1. Let w be k(f). Calculate p(w).
2
Let y(i) = i**3 + 5*i**2 - 2. Let v = 19 - 24. What is y(v)?
-2
Suppose -4*v - 1 = 3*d - 40, -3*v + d = -13. Let l(f) = -f - 1. Give l(v).
-7
Let b(t) = t**3 - 3*t + 1. Suppose -7 = 3*d - 13. Determine b(d).
3
Suppose 19 = 5*n - a + 46, 2*a = 4*n + 18. Let k(d) be the first derivative of d**2/2 + 2*d + 1. What is k(n)?
-4
Let f(p) = -7*p + 6. Let y(l) = 8*l - 6. Let i(u) = -4*f(u) - 3*y(u). Determine i(6).
18
Suppose -10 = 6*q + 2. Let g(b) = -5*b**3 - 4*b**2 + 10*b - 4. Let p(r) = -14*r**3 - 11*r**2 + 29*r - 11. Let t(n) = -17*g(n) + 6*p(n). What is t(q)?
-6
Let o(a) be the second derivative of -a**5/20 - 5*a**4/12 + 5*a**3/6 - 4*a**2 + 6*a. Determine o(-6).
-2
Let z = 86 + -88. Let i(f) be the second derivative of f**5/20 - f**4/12 - f**3/3 + f**2/2 + f. Give i(z).
-7
Suppose -2 = 4*u - 6. Let t(q) = -5*q**2 - q. Determine t(u).
-6
Let g be 0/(-3) + (-2)/(-1). Let d = g - 2. Let r(o) be the first derivative of -o**4/4 + o**2/2 - 6*o - 16. What is r(d)?
-6
Let h(r) be the third derivative of -r**5/60 - 5*r**4/24 - r**3/3 + 7*r**2. Determine h(-6).
-8
Let l(o) be the second derivative of 3*o**4/4 - o**3/3 + o**2/2 - 4*o. Calculate l(1).
8
Let u(z) = z - 2. Let q(h) = h - 3. Let k(y) = -3*q(y) + 4*u(y). Determine k(-2).
-1
Let w(d) be the first derivative of -7*d**2/2 + 7*d - 3. Let r(k) = 4*k - 3. Let q(f) = -5*r(f) - 2*w(f). Let b be -1 - -1 - (-2)/2. Calculate q(b).
-5
Let h(j) be the third derivative of -j**4/8 + j**2. Determine h(-4).
12
Suppose -23 = 4*h - 3. Let v(d) be the third derivative of 2*d**2 + 0 + 1/120*d**6 - 5/6*d**3 + 1/8*d**4 + 1/10*d**5 + 0*d. What is v(h)?
5
Let l(y) = 3*y - 7. Let t(z) = -z + 4. Let x(b) = 3*l(b) + 5*t(b). Give x(1).
3
Let p(r) be the first derivative of r - 2 + 1/2*r**2 + 1/12*r**4 + 2/3*r**3. Let v(i) be the first derivative of p(i). Give v(-3).
-2
Let o(n) = -3*n + 3. Let y = 13 - 16. Let t be (0 - -1) + (0 - y). What is o(t)?
-9
Let s = -14 + 19. Let m(g) = -g**3 + 4*g**2 + 7*g - 2. Determine m(s).
8
Let p(d) be the third derivative of -1/24*d**4 + 0 + 3*d**2 + 0*d + 7/6*d**3. Calculate p(5).
2
Let c(k) = -k**3 + k**2 + 2. Let o be -10 + -2 - (0 - 2). Let d(r) = -r - 5. Let a be d(o). Suppose q = a*w - q - 10, 2*w - 4 = q. Calculate c(w).
-2
Let c(j) be the second derivative of -j**6/360 - j**5/120 + j**3/2 - j. Let m(l) be the second derivative of c(l). Determine m(-2).
-2
Let b(r) = r**3 + 3*r**2 - r + 1. Let s(t) = 5*t**2 + 1. Let z be s(1). Suppose -z = 4*l - 14. Suppose 0*h = l*h + 6. Determine b(h).
4
Let u(x) = -3*x**2 + x + 1. Let s(h) = 4*h**2 - 2*h - 2. Let d(m) = -2*s(m) - 3*u(m). What is d(-2)?
3
Let g(p) = -p**2 - 2*p + 2. Let t(k) = -8*k - 38. Let v be t(-5). Give g(v).
-6
Let k(v) be the first derivative of 5*v**2/2 + 1. Suppose -4*x - i + 0*i - 6 = 0, 3*x + 9 = -3*i. Calculate k(x).
-5
Let k(l) = -2*l + 2. Let r(p) = -3*p + 4. Let t(f) = 7*k(f) - 4*r(f). Let y(m) = m**2 - 7*m - 3. Let h be y(7). Give t(h).
4
Let h(w) be the first derivative of w**4/4 - 4*w**3/3 + 3*w**2/2 + 14. Give h(4).
12
Let x be (-12)/(-10)*(-1 + -4). Let g(r) be the second derivative of -4*r + 0 + 5/2*r**2 - 1/12*r**4 - 5/6*r**3. Determine g(x).
-1
Let o(t) be the second derivative of -t**5/20 + 2*t**4/3 - 4*t**3/3 - 2*t**2 + 3*t + 8. Determine o(7).
-11
Let t(o) = -4*o**2 + 2. Let f(x) = -5*x**2 + 3. Let y(c) = -5*f(c) + 6*t(c). Calculate y(-3).
6
Suppose n - 1 = -2*u, 2*u = -4*n - 6 - 2. Let a(f) = -2 + 1 - f + 7*f**u - f. Let b = 1 + -2. Calculate a(b).
8
Let d(l) = -2*l + 3. Suppose 27 = 4*t + 3. What is d(t)?
-9
Let a(x) = -4*x**3 + 19*x**2 - 12*x - 23. Let d(p) = -p**3 + 5*p**2 - 3*p - 6. Let f(w) = -2*a(w) + 9*d(w). Give f(6).
10
Let b = -4 - -5. Let q(h) = -3*h**2 - h + 5. Let p(d) = 1. Let z(j) = -4*p(j) + q(j). What is z(b)?
-3
Let s(d) = -2*d - 3 + 0 - 2 + d. Determine s(-4).
-1
Let n(y) be the first derivative of y**4/4 - 7*y**3/3 + y**2/2 - 3*y - 12. Give n(7).
4
Suppose 0*r = 3*r + 30. Let q be 5/r*(7 + -1). Let g(k) = -2*k**2 - 2*k**3 - 2 + k**3 - k**2. What is g(q)?
-2
Let j be -2*1/(-2) - -4. Let u(l) = l**2 + 4*l - 3. Let h be u(-5). Let z(s) = 0*s**3 + 5*s**h - 2 - 3 - 3*s**3 + 2*s**3. Calculate z(j).
-5
Let i(f) be the first derivative of -3 + 1/3*f**3 + 1/4*f**4 + 2*f + 0*f**2. Let g be ((0/(-3))/2)/2. Determine i(g).
2
Let v(f) = f + 1. Let h be v(0). Let i be -2 - h - (10 - 11). Let c(p) = 2*p + 3. Determine c(i).
-1
Let l(y) = y**3 + 4*y**2 - 3*y - 7. Let s(d) = 2*d**3 + 8*d**2 - 5*d - 15. Suppose 0 = k - 0*k + 2. Let r(a) = k*s(a) + 5*l(a). What is r(-5)?
-5
Let v(p) = -4*p - 18. Let r(y) = -y - 6. Let g(w) = 7*r(w) - 2*v(w). Let u be -2 - (-3 + 10*-1). Let x = -11 + u. What is g(x)?
-6
Suppose 5*x + 50 - 20 = 0. Let v(c) = c + 4. Determine v(x).
-2
Let x(c) = 2*c - 4. Let h(j) = -1. Let k(v) = 2*h(v) - x(v). Suppose -8 = -4*y + 8*y. Calculate k(y).
6
Let s be (-2)/(6/8 + -1). Let g = s + -13. Let b(o) = o**3 + 4*o**2 - 6*o - 4. Give b(g).
1
Let w(f) = 5*f**2 - 5*f - 2. Let k(y) = -6*y**2 + 6*y + 2. Let h(v) = -4*k(v) - 5*w(v). Calculate h(3).
-4
Let z(n) = -n**2 - 4*n + 2. Let t(v) = v**3 - 7*v**2 - 10*v + 10. Let q be t(8). What is z(q)?
-10
Let o(t) be the first derivative of t**2/2 + 3*t - 1. Let r be o(0). Let d(k) = 2*k - 4. Calculate d(r).
2
Let f(u) = 2*u + 537 - 8*u - 535. Determine f(-2).
14
Let c be (-108)/(-14) - 2/(-7). Suppose 0 = 5*b + 2*n - 6, -3*b + 6*b - c = n. Let v(w) = b*w + w + w**2 + w. Calculate v(-5).
5
Suppose 3*c + 2 = -1. Let u be c/(-2)*0/10. Let k(z) = -z**2 + z + 7. Give k(u).
7
Let d(h) be the second derivative of h**5/20 - h**4/6 - h**3/6 - h**2/2 + 2*h. Suppose -3*z + 16 = -z. Let k = -6 + z. Calculate d(k).
-3
Let k(q) = -q**3 + 3*q**2 - q - 4. Let z(i) = -i**3 + 4*i**2 + 5*i - 15. Let m be z(2). What is k(m)?
-7
Let x(m) = -6 + 2 + 3*m + 1. Let b(o) = -o**3 + 8*o**2 + 2*o - 8. Let v be b(8). Let u be 4/v*4*1. Determine x(u).
3
Let q(w) = -w**3 - 5*w**2 + 1. Suppose -4*v = 3*v + 35. Calculate q(v).
1
Let x(p) = 5*p - 1. Let g = 6 - 2. Suppose l + l = -g. Determine x(l).
-11
Let r(o) = -o**2 + o + 9. Let m(i) = -i**2 + 4*i + 5. Suppose 0 = 3*y - 3*a - 16 - 2, -4*y = 4*a + 16. Let q = 4 + y. Let w be m(q). Give r(w).
9
Suppose 8*f = 3*f + 25. Let g(p) = -p**3 + 6*p**2 + p - 6. What is g(f)?
24
Let o(d) = -4*d**3 - 11*d**2 + 11*d - 1. Let w(n) = n**3 + n**2 - n. Let c(h) = -o(h) - 5*w(h). Calculate c(5).
-4
Suppose 4 = 3*l - 5. Let y(r) = -r**3 + 5*r**2 - 3*r + 2. Calculate y(l).
11
Let r(l) = 4*l**2 + 26*l**2 - 1 - 43*l**2 + 2*l. What is r(1)?
-12
Let j(n) be the third derivative of n**5/60 + n**4/4 + n**2. Let o = -9 + 4. Determine j(o).
-5
Let s(l) be the third derivative of -l**5/60 - l**4/24 + 2*l**3/3 - 9*l**2. What is s(-3)?
-2
Suppose 3*p - 14 = -38. Let b(w) = -w**3 - 9*w**2 - 7*w + 2. Give b(p).
-6
Let x(i) = -i**2 - 5*i - 4. Let g be x(-2). Let q(b) = -b**3 - 2*b**2 + 2. Calculate q(g).
-14
Let u(k) be the third derivative of k**4/24 - 2*k**3/3 - 3*k**2. Let z be u(6). Let f(g) = -g**z + 13 + 4*g - 5 - 5*g. Determine f(0).
8
Let o(h) = h**2 - 3*h - 5. Let q be o(5). Let a be 1*12/(-15)*q. Let i(x) = -x**3 - 5*x**2 - 6*x - 2. What